{"id":474,"date":"2023-04-19T15:24:11","date_gmt":"2023-04-19T13:24:11","guid":{"rendered":"https:\/\/elternbeirat-staudinger-gesamtschule.de\/?page_id=474"},"modified":"2023-04-19T15:27:24","modified_gmt":"2023-04-19T13:27:24","slug":"kooperationen","status":"publish","type":"page","link":"https:\/\/elternbeirat-staudinger-gesamtschule.de\/?page_id=474","title":{"rendered":"Kooperationen"},"content":{"rendered":"\n<div class=\"wp-block-media-text alignwide is-stacked-on-mobile is-vertically-aligned-bottom\"><figure class=\"wp-block-media-text__media\"><video controls src=\"https:\/\/elternbeirat-staudinger-gesamtschule.de\/wp-content\/uploads\/2022\/10\/16x9-Baumgarten-Sozialarbeit.mp4\"><\/video><\/figure><div class=\"wp-block-media-text__content\">\n<p>Eltern k\u00f6nnen sich auch in Kooperationen mit verschiedenen Akteuren innerhalb (z.B. Schulsozialarbeit) und au\u00dferhalb (z.B. Gesamtelternbeirat) der Schule einbringen. Stellvertretend f\u00fcr die Kooperationen hier die Vorstellung der Kooperation mit der Schulsozialarbeit und die Kooperation im Kriseninterventionsteam.<\/p>\n<\/div><\/div>\n\n\n\n<p>&lt; <a href=\"https:\/\/elternbeirat-staudinger-gesamtschule.de\/?page_id=2\">zur\u00fcck<\/a><\/p>\n","protected":false},"excerpt":{"rendered":"<p>Eltern k\u00f6nnen sich auch in Kooperationen mit verschiedenen Akteuren innerhalb (z.B. Schulsozialarbeit) und au\u00dferhalb (z.B. Gesamtelternbeirat) der Schule einbringen. Stellvertretend f\u00fcr die Kooperationen hier die Vorstellung der Kooperation mit der [&hellip;]<\/p>\n","protected":false},"author":1,"featured_media":0,"parent":0,"menu_order":0,"comment_status":"closed","ping_status":"closed","template":"","meta":{"footnotes":""},"class_list":["post-474","page","type-page","status-publish","hentry"],"_links":{"self":[{"href":"https:\/\/elternbeirat-staudinger-gesamtschule.de\/index.php?rest_route=\/wp\/v2\/pages\/474","targetHints":{"allow":["GET"]}}],"collection":[{"href":"https:\/\/elternbeirat-staudinger-gesamtschule.de\/index.php?rest_route=\/wp\/v2\/pages"}],"about":[{"href":"https:\/\/elternbeirat-staudinger-gesamtschule.de\/index.php?rest_route=\/wp\/v2\/types\/page"}],"author":[{"embeddable":true,"href":"https:\/\/elternbeirat-staudinger-gesamtschule.de\/index.php?rest_route=\/wp\/v2\/users\/1"}],"replies":[{"embeddable":true,"href":"https:\/\/elternbeirat-staudinger-gesamtschule.de\/index.php?rest_route=%2Fwp%2Fv2%2Fcomments&post=474"}],"version-history":[{"count":2,"href":"https:\/\/elternbeirat-staudinger-gesamtschule.de\/index.php?rest_route=\/wp\/v2\/pages\/474\/revisions"}],"predecessor-version":[{"id":482,"href":"https:\/\/elternbeirat-staudinger-gesamtschule.de\/index.php?rest_route=\/wp\/v2\/pages\/474\/revisions\/482"}],"wp:attachment":[{"href":"https:\/\/elternbeirat-staudinger-gesamtschule.de\/index.php?rest_route=%2Fwp%2Fv2%2Fmedia&parent=474"}],"curies":[{"name":"wp","href":"https:\/\/api.w.org\/{rel}","templated":true}]}}