{"id":41,"date":"2022-04-11T17:47:20","date_gmt":"2022-04-11T17:47:20","guid":{"rendered":"https:\/\/elternbeirat-staudinger-gesamtschule.de\/?page_id=41"},"modified":"2022-11-20T13:24:22","modified_gmt":"2022-11-20T13:24:22","slug":"ueber-uns","status":"publish","type":"page","link":"https:\/\/elternbeirat-staudinger-gesamtschule.de\/?page_id=41","title":{"rendered":"\u00dcber uns"},"content":{"rendered":"\n<h2 class=\"wp-block-heading\">Wer ist eigentlich der Elternbeirat?<\/h2>\n\n\n\n<p>Ganz viele nette Menschen, die sich entschieden haben<\/p>\n\n\n\n<ul class=\"wp-block-list\">\n<li>Ihr Kind\/Ihre Kinder zu begleiten<\/li>\n\n\n\n<li>mehr vom Schulleben mitzubekommen<\/li>\n\n\n\n<li>aktiv ihr Mitspracherecht auszu\u00fcben<\/li>\n\n\n\n<li>das Schulleben mitzugestalten<\/li>\n<\/ul>\n\n\n\n<blockquote class=\"wp-block-quote is-layout-flow wp-block-quote-is-layout-flow\">\n<p><\/p>\n<\/blockquote>\n\n\n\n<p><\/p>\n\n\n\n<h2 class=\"wp-block-heading\">Was kann ich konkret als Elternteil machen? <br>Und muss ich zwingend Elternvertreter:in sein?<\/h2>\n\n\n\n<p>Es gibt Mitwirkungsm\u00f6glichkeiten in <strong>Gremien<\/strong> und\/oder <strong>Aufgaben zum Anpacken<\/strong> f\u00fcr alle, die sich einbringen wollen, zum Teil unabh\u00e4ngig von einem Amt!<\/p>\n\n\n\n<p><\/p>\n\n\n\n<figure class=\"wp-block-video\"><video height=\"720\" style=\"aspect-ratio: 1280 \/ 720;\" width=\"1280\" controls src=\"https:\/\/elternbeirat-staudinger-gesamtschule.de\/wp-content\/uploads\/2022\/10\/EBR-Mitbestimmung-an-der-Staudi.mp4\"><\/video><\/figure>\n\n\n\n<p><strong>\u00dcbersicht \u00fcber alle Mitwirkungsm\u00f6glichkeiten an der Staudinger-Gesamtschule<\/strong><\/p>\n\n\n\n<p>Alle Mitwirkungsm\u00f6glichkeiten f\u00fcr Eltern mit Ansprechpartner, Inhalte und Zeitaufwand findet Ihr in dieser \u00dcbersicht zum Herunterladen.<\/p>\n\n\n\n<div class=\"wp-block-file\"><a id=\"wp-block-file--media-245fc5bc-4f15-4382-af6c-aca9a86b2d39\" href=\"https:\/\/elternbeirat-staudinger-gesamtschule.de\/wp-content\/uploads\/2022\/10\/Mitwirkungsmoeglichkeiten-fuer-Eltern-an-der-Staudi.pdf\" target=\"_blank\" rel=\"noreferrer noopener\">Mitwirkungsmoeglichkeiten-fuer-Eltern-an-der-Staudi<\/a><a href=\"https:\/\/elternbeirat-staudinger-gesamtschule.de\/wp-content\/uploads\/2022\/10\/Mitwirkungsmoeglichkeiten-fuer-Eltern-an-der-Staudi.pdf\" class=\"wp-block-file__button wp-element-button\" download aria-describedby=\"wp-block-file--media-245fc5bc-4f15-4382-af6c-aca9a86b2d39\">Herunterladen<\/a><\/div>\n\n\n\n<h2 class=\"wp-block-heading\">Mehr zu den einzelnen Gremien<\/h2>\n\n\n\n<h5 class=\"wp-block-heading\">Schulkonferenz (SchuKo)<\/h5>\n\n\n\n<p>Das oberste Gremium der Schule ist neben der Gesamtlehrerkonferenz (GLK) die Schulkonferenz (Schuko). Diese vom Gesetz vorgeschriebenen Konferenzen beraten, beschlie\u00dfen und leiten die Schule, nat\u00fcrlich unter der Leitung des:der Schulleiters:in. <\/p>\n\n\n\n<figure class=\"wp-block-video\"><video height=\"720\" style=\"aspect-ratio: 1280 \/ 720;\" width=\"1280\" controls src=\"https:\/\/elternbeirat-staudinger-gesamtschule.de\/wp-content\/uploads\/2022\/10\/16x9-Baumgarten-Schuko.mp4\"><\/video><figcaption class=\"wp-element-caption\">Martin Baumgarten, Schulleiter<\/figcaption><\/figure>\n\n\n\n<h5 class=\"wp-block-heading\"><\/h5>\n\n\n\n<h5 class=\"wp-block-heading\"><\/h5>\n\n\n\n<div class=\"wp-block-media-text alignwide has-media-on-the-right is-stacked-on-mobile\"><div class=\"wp-block-media-text__content\">\n<h5 class=\"wp-block-heading\">Stufenaussch\u00fcsse<\/h5>\n\n\n\n<p>In den Stufenaussch\u00fcssen (Orientierungsstufenausschuss (OS), Mittelstufenausschuss (MS), SII-Ausschuss) beraten Eltern und die Stufenleiter:innen die Belange und Ideen der jeweiligen Stufen. Teilnehmen k\u00f6nnen alle Elternvertreter:innen sowie die Mitglieder der 5er Gremien. Die Aussch\u00fcsse tagen ein bis zweimal pro Schuljahr. <\/p>\n\n\n\n<p>Stellvertretend f\u00fcr alle Aussch\u00fcsse hier die Vorstellung des MS-Ausschuss. <\/p>\n<\/div><figure class=\"wp-block-media-text__media\"><video controls src=\"https:\/\/elternbeirat-staudinger-gesamtschule.de\/wp-content\/uploads\/2022\/10\/Philippi-MS-Ausschuss.mp4\"><\/video><\/figure><\/div>\n\n\n\n<h5 class=\"wp-block-heading\"><\/h5>\n\n\n\n<div class=\"wp-block-media-text alignwide has-media-on-the-right is-stacked-on-mobile\"><div class=\"wp-block-media-text__content\">\n<p><strong>Arbeitskreise<\/strong><\/p>\n\n\n\n<p>An diesem Arbeitskreisen k\u00f6nnen alle interessierten Eltern teilnehmen, unabh\u00e4ngig von einem Amt. Derzeit gibt es den Arbeitskreis Schulentwicklung (AKSE), den Arbeitskreis Medienbildung und den Arbeitskreis Suchtpr\u00e4vention. Die Arbeitskreise tagen ein bis zweimal pro Schuljahr, Termine werden hier unter &#8222;Veranstaltungen&#8220; ver\u00f6ffentlicht.<\/p>\n\n\n\n<p>Stellvertretend f\u00fcr alle Arbeitskreise hier eine Vorstellung des AK Medienbildung.<\/p>\n<\/div><figure class=\"wp-block-media-text__media\"><video controls src=\"https:\/\/elternbeirat-staudinger-gesamtschule.de\/wp-content\/uploads\/2022\/10\/Philippi-AK-Medienbildung.mp4\"><\/video><\/figure><\/div>\n\n\n\n<div class=\"wp-block-media-text alignwide has-media-on-the-right is-stacked-on-mobile\"><div class=\"wp-block-media-text__content\">\n<p><strong>Kooperationen<\/strong><\/p>\n\n\n\n<p>Eltern k\u00f6nnen sich auch in Kooperationen mit verschiedenen Akteuren innerhalb (z.B. Schulsozialarbeit) und au\u00dferhalb (z.B. Gesamtelternbeirat) der Schule einbringen. Stellvertretend f\u00fcr die Kooperationen hier die Vorstellung der Kooperation mit der Schulsozialarbeit und die Kooperation im Kriseninterventionsteam.<\/p>\n<\/div><figure class=\"wp-block-media-text__media\"><video controls src=\"https:\/\/elternbeirat-staudinger-gesamtschule.de\/wp-content\/uploads\/2022\/10\/16x9-Baumgarten-Sozialarbeit.mp4\"><\/video><\/figure><\/div>\n\n\n\n<div class=\"wp-block-media-text alignwide has-media-on-the-right is-stacked-on-mobile\"><div class=\"wp-block-media-text__content\">\n<p><\/p>\n<\/div><figure class=\"wp-block-media-text__media\"><video controls src=\"https:\/\/elternbeirat-staudinger-gesamtschule.de\/wp-content\/uploads\/2022\/10\/16x9-Baumgarten-Krisen-1.mp4\"><\/video><\/figure><\/div>\n\n\n\n<p><\/p>\n\n\n\n<p><\/p>\n\n\n\n<p><\/p>\n\n\n\n<div class=\"wp-block-media-text alignwide has-media-on-the-right is-stacked-on-mobile\"><div class=\"wp-block-media-text__content\">\n<p><strong>Mensabeirat<\/strong><\/p>\n\n\n\n<p>Der Mensabeirat ist ein Austauschforum zum Alleinstellungsmerkmal der Staudinger-Gesamtschule: Unsere Mensa, in der t\u00e4glich vor Ort frisch gekocht wird!<\/p>\n<\/div><figure class=\"wp-block-media-text__media\"><video controls src=\"https:\/\/elternbeirat-staudinger-gesamtschule.de\/wp-content\/uploads\/2022\/10\/Philippi-Mensabeirat.mp4\"><\/video><\/figure><\/div>\n\n\n\n<p><\/p>\n\n\n\n<h2 class=\"wp-block-heading\" id=\"AufgabenAnpacken\">Ihr seid mehr &#8222;Team Anpacken&#8220;?<\/h2>\n\n\n\n<figure class=\"wp-block-image size-large is-style-default\"><img loading=\"lazy\" decoding=\"async\" width=\"1024\" height=\"768\" src=\"https:\/\/elternbeirat-staudinger-gesamtschule.de\/wp-content\/uploads\/2022\/07\/IMG_20220718_214506-1024x768.jpg\" alt=\"\" class=\"wp-image-164\" srcset=\"https:\/\/elternbeirat-staudinger-gesamtschule.de\/wp-content\/uploads\/2022\/07\/IMG_20220718_214506-1024x768.jpg 1024w, https:\/\/elternbeirat-staudinger-gesamtschule.de\/wp-content\/uploads\/2022\/07\/IMG_20220718_214506-300x225.jpg 300w, https:\/\/elternbeirat-staudinger-gesamtschule.de\/wp-content\/uploads\/2022\/07\/IMG_20220718_214506-768x576.jpg 768w, https:\/\/elternbeirat-staudinger-gesamtschule.de\/wp-content\/uploads\/2022\/07\/IMG_20220718_214506-1536x1152.jpg 1536w, https:\/\/elternbeirat-staudinger-gesamtschule.de\/wp-content\/uploads\/2022\/07\/IMG_20220718_214506-2048x1536.jpg 2048w, https:\/\/elternbeirat-staudinger-gesamtschule.de\/wp-content\/uploads\/2022\/07\/IMG_20220718_214506-400x300.jpg 400w\" sizes=\"auto, (max-width: 1024px) 100vw, 1024px\" \/><figcaption class=\"wp-element-caption\">Ofenmeisterdienst: Anfeuern, Feuer hegen, Pizza backen und am Ende die Restw\u00e4rme f\u00fcr Brot nutzen. <\/figcaption><\/figure>\n\n\n\n<h2 class=\"has-medium-font-size wp-block-heading\"><\/h2>\n\n\n\n<p>Wir reden nicht nur &#8211; wir machen auch. <\/p>\n\n\n\n<p>Wir brauchen tatkr\u00e4ftige Mithilfe beim Standaufbau bei Stadtteilfest und Sommerfest, Kuchenspenden, Standdienste beim Zuckerwattemachen, Leute, die als Ofenmeister:innen beim offenen Backen helfen, Eltern, die \u00fcbersetzen k\u00f6nnen, die Homepage pflegen und auch einfach mal Tische und B\u00e4nke schleppen. Helferaufrufe werden regelm\u00e4\u00dfig hier ver\u00f6ffentlicht und \u00fcber den Mailverteiler geschickt.<\/p>\n\n\n\n<p>Bei Interesse an Diensten und Gremien meldet Euch bei uns: dialog(at)elternbeirat-staudinger-gesamtschule.de.<\/p>\n\n\n\n<p><\/p>\n\n\n\n<h2 class=\"wp-block-heading\">Einfach nur zum Spa\u00df<\/h2>\n\n\n\n<div class=\"wp-block-media-text alignwide is-stacked-on-mobile\"><figure class=\"wp-block-media-text__media\"><video controls src=\"https:\/\/elternbeirat-staudinger-gesamtschule.de\/wp-content\/uploads\/2022\/11\/Mike-Oehme-Staudi-Singers.mp4\"><\/video><\/figure><div class=\"wp-block-media-text__content\">\n<p><strong>Staudi-Chor<\/strong><\/p>\n\n\n\n<p>Wer Spa\u00df am Singen hat, f\u00fcr den ist vielleicht der Staudi-Chor etwas?<\/p>\n\n\n\n<p>Jeden Donnerstag, 20 Uhr im Werki. <\/p>\n<\/div><\/div>\n\n\n\n<p><\/p>\n\n\n\n<p><\/p>\n\n\n\n<p><\/p>\n","protected":false},"excerpt":{"rendered":"<p>Wer ist eigentlich der Elternbeirat? Ganz viele nette Menschen, die sich entschieden haben Was kann ich konkret als Elternteil machen? Und muss ich zwingend Elternvertreter:in sein? Es gibt Mitwirkungsm\u00f6glichkeiten in [&hellip;]<\/p>\n","protected":false},"author":1,"featured_media":0,"parent":2,"menu_order":0,"comment_status":"closed","ping_status":"closed","template":"","meta":{"footnotes":""},"class_list":["post-41","page","type-page","status-publish","hentry"],"_links":{"self":[{"href":"https:\/\/elternbeirat-staudinger-gesamtschule.de\/index.php?rest_route=\/wp\/v2\/pages\/41","targetHints":{"allow":["GET"]}}],"collection":[{"href":"https:\/\/elternbeirat-staudinger-gesamtschule.de\/index.php?rest_route=\/wp\/v2\/pages"}],"about":[{"href":"https:\/\/elternbeirat-staudinger-gesamtschule.de\/index.php?rest_route=\/wp\/v2\/types\/page"}],"author":[{"embeddable":true,"href":"https:\/\/elternbeirat-staudinger-gesamtschule.de\/index.php?rest_route=\/wp\/v2\/users\/1"}],"replies":[{"embeddable":true,"href":"https:\/\/elternbeirat-staudinger-gesamtschule.de\/index.php?rest_route=%2Fwp%2Fv2%2Fcomments&post=41"}],"version-history":[{"count":31,"href":"https:\/\/elternbeirat-staudinger-gesamtschule.de\/index.php?rest_route=\/wp\/v2\/pages\/41\/revisions"}],"predecessor-version":[{"id":303,"href":"https:\/\/elternbeirat-staudinger-gesamtschule.de\/index.php?rest_route=\/wp\/v2\/pages\/41\/revisions\/303"}],"up":[{"embeddable":true,"href":"https:\/\/elternbeirat-staudinger-gesamtschule.de\/index.php?rest_route=\/wp\/v2\/pages\/2"}],"wp:attachment":[{"href":"https:\/\/elternbeirat-staudinger-gesamtschule.de\/index.php?rest_route=%2Fwp%2Fv2%2Fmedia&parent=41"}],"curies":[{"name":"wp","href":"https:\/\/api.w.org\/{rel}","templated":true}]}}